 j(c) = c**2 - 2. Let h be j(6). Let b = h - 24. What is the greatest common divisor of b and 4?
2
Let z = 11 - 18. Let a = -1 - z. Let v be a*(-1 + (-15)/(-9)). Calculate the greatest common divisor of 8 and v.
4
Suppose -z - 1 = -4. Suppose -19 = -z*k + 17. Calculate the highest common divisor of 12 and k.
12
Suppose 2 = 4*u - 6. Let q be -2 - (-15)/6*u. Suppose 7*r + 6 = 5*l + 4*r, 0 = -l + r. What is the highest common factor of l and q?
3
Let v be 2 + (-27)/6*-2. What is the highest common factor of 55 and v?
11
Let f be 8/(1 + -5) - -155. What is the greatest common factor of f and 9?
9
Suppose -1732 = 2*m - 6*m - 4*i, -5*m = i - 2185. Suppose a + 2*z = -a + 188, 0 = -5*a + 3*z + m. What is the highest common factor of a and 18?
18
Let s(q) = -9*q - 4. Let y be s(-4). What is the highest common factor of y and 16?
16
Let g be ((-3)/(-2))/((-6)/(-40)). Suppose g = b + 2. Let i be -5*(12/15)/(-2). Calculate the greatest common divisor of b and i.
2
Let z = 10 - 16. Let w(j) = -5*j - 5. Let u be w(z). What is the greatest common divisor of 10 and u?
5
Let f(g) be the second derivative of -g**3/2 - g**2/2 - 2*g. Let k be f(-1). Suppose 0 = -k*m - 3*m + 55. What is the greatest common divisor of m and 77?
11
Let n(m) = -m**3 - 3*m**2 + 3*m + 6. Let j be n(-4). Let b = 0 - j. Let c be (-8)/(-5)*(-75)/b. Calculate the highest common divisor of 6 and c.
6
Suppose 7*c = 4*c + 135. Let z = 4 - -1. Calculate the highest common divisor of c and z.
5
Let l be (-2 - -4)/(2/3). Suppose 111 - 3 = l*a. What is the greatest common factor of 18 and a?
18
Let h(q) = -3*q - 5. Let u be h(-5). Suppose -c + 3 = 3*w - u, w = 2*c - 12. What is the greatest common factor of c and 56?
7
Suppose 294*n - 293*n - 27 = 0. Suppose 3*k - 4*p - 31 = -2*p, -3*p = 2*k - 12. What is the greatest common factor of k and n?
9
Let m = 134 - 78. What is the greatest common factor of 7 and m?
7
Let p(o) = o**2 - o - 2*o + 6 - 2*o. Let g be p(5). Let a(m) = -6*m. Let q be a(-5). Calculate the highest common divisor of g and q.
6
Let q(l) = -7*l - 48. Let x be q(-9). Suppose -y + 5 = -6*y, -3*j + 226 = -y. Calculate the highest common factor of j and x.
15
Let c(a) = a**2 - 3*a + 4. Suppose 4*y - 22 = -5*r, 3*y - 6 = -2*r - 0*y. Let h be c(r). What is the greatest common divisor of 2 and h?
2
Let s(t) = t**3 - 10*t**2 + 9*t + 1. Let k be s(9). Suppose 2*v + 12 = 2, 5*h - 25 = 3*v. What is the highest common factor of k and h?
1
Suppose 2*o - 32 = 4*h - 0*h, -2*o - 4*h - 8 = 0. Let s = 251 - 177. Suppose 3*f - s + 2 = 0. Calculate the highest common factor of o and f.
6
Suppose 5*r = 25 - 5. Let h = r - 2. Suppose 2*w + h - 28 = 0. Calculate the greatest common factor of 52 and w.
13
Suppose 3*q - 99 = -4*a + 269, -124 = -q - 2*a. Let r be (-18)/(-15)*(15 + 5). Calculate the highest common factor of q and r.
24
Let l = 27 + 33. What is the highest common factor of 15 and l?
15
Let m be 110/8 - (-3)/12. Suppose 0*w - m = w. Let g = w + 27. Calculate the highest common factor of g and 26.
13
Let r be 8/(-20) - 66/10. Let p = r - -24. What is the greatest common divisor of 17 and p?
17
Suppose 3*n - 19 = 11. Let r be (24/n)/(4/(-70)). Let w = r - -75. Calculate the highest common divisor of 3 and w.
3
Suppose -4*j = -0*j - 36. Calculate the greatest common divisor of 12 and j.
3
Let m(f) = f**3 + 2*f**2 - 3*f. Let q be m(-3). Let z(a) = 12*a - 3 - 2*a**2 + q + a**2 - 2*a. Let n be z(9). What is the highest common divisor of n and 18?
6
Let r = -2 + 7. Let t = r - 1. Let x = -2 + t. What is the greatest common divisor of x and 2?
2
Let j = -5 - -245. Suppose -4*t = -j + 16. Let b be t/6 - (-8)/12. What is the highest common factor of b and 25?
5
Let u be (-4)/1*(-10)/8. Suppose -u*r + 33 = -h, 6*r - 2*r + 5*h = 38. Suppose s + b = 6, -5*b - r = 3*s - 23. What is the highest common divisor of 56 and s?
7
Suppose -3*v + 36 = -9*v. Let o be 80/15 + 2/v. What is the greatest common factor of 25 and o?
5
Let k(y) be the first derivative of -1/4*y**4 + 2*y**2 - 1/3*y**3 - 1 + 4*y. Let s be k(-3). What is the highest common divisor of 60 and s?
10
Suppose -4*w = 2*q - 4, w = -3*q - 3*w + 4. Let t = q + 5. What is the greatest common factor of t and 35?
5
Let o be 1*6*100/30. Suppose -2*x + 0*f + o = 2*f, 0 = -4*x - 2*f + 30. Let q(r) = -r**2 - r + 35. Let g be q(0). What is the highest common factor of x and g?
5
Suppose 27*r = 26*r + 7. Calculate the greatest common factor of 35 and r.
7
Let k be (-2 + 48/9)*(2 + 1). Let l be (-2)/(-6) - (-59)/3. What is the highest common factor of l and k?
10
Let h be (4/(-5))/((-4)/210). Calculate the greatest common factor of 14 and h.
14
Suppose -5*l + 10*l = -2*y + 20, 4*y + 20 = 5*l. Suppose 476 = l*i - 0*i. What is the highest common divisor of i and 17?
17
Suppose -j = 3*j - 160. Let c be 3/4 + 1650/j. Calculate the highest common divisor of 14 and c.
14
Suppose -20 + 80 = 6*f. Calculate the greatest common divisor of f and 15.
5
Let k be 8/14 + 262/7. Calculate the greatest common factor of k and 95.
19
Let d be (28/3)/(14/21). Calculate the greatest common divisor of 7 and d.
7
Let j = -4 + 5. Let c(n) = 0*n - j + 2*n - n + 55*n**3. Let w be c(1). Calculate the greatest common factor of 11 and w.
11
Let q = -8 + 9. Let i be 1 - (q + -5*9). Calculate the highest common divisor of i and 5.
5
Let g(l) = -l**2 - 6*l + 7. Let r be g(-5). Let p = 18 - r. Let c be (-1 - -2)/(2/108). Calculate the greatest common factor of p and c.
6
Suppose -118 - 130 = -4*p. Calculate the greatest common factor of 155 and p.
31
Suppose 5*j - 907 = -187. Let s be (1/(-2))/((-1)/j). What is the highest common factor of s and 9?
9
Let m be 1 + (-2 - -1) + 3. Let u = 154 - 151. What is the highest common divisor of u and m?
3
Suppose 57 + 267 = -3*b. Let g = -63 - b. What is the greatest common factor of 30 and g?
15
Let l be 35/(-40)*-50 - 1/(-4). Calculate the greatest common factor of l and 396.
44
Suppose 0 = 2*j - 2*m - 8 - 4, -50 = -3*j - 5*m. Calculate the greatest common divisor of 70 and j.
10
Suppose -z - 4*b - 15 = 0, -3*z + 2*z + 2*b + 15 = 0. Suppose -574 = -z*x - 244. Calculate the highest common factor of x and 22.
22
Let q = 150 - 117. Let h(w) = -w**3 - 5*w**2 - 4*w + 3. Let n be h(-4). Calculate the highest common divisor of n and q.
3
Let t(o) = 2*o**2 + 6*o. Let p(a) = a**3 + 10*a**2 + 11*a + 10. Let u be p(-9). Let c be t(u). What is the highest common divisor of 10 and c?
10
Let u = 3 - 1. Suppose 0 = -u*d - 4*k + 32, d - 26 = 4*k + 14. What is the greatest common factor of d and 8?
8
Let g be (2 + -1)/(2/4). Suppose -2 = -g*d + 2. Let h be d/(-1) + (18 - 2). Calculate the highest common divisor of h and 70.
14
Let h = 20 + -14. Let q be h/2 + -1 + 28. What is the highest common factor of q and 45?
15
Suppose 0 = -3*o + 2*o. Let j be 3 + 1 + o - -1. Calculate the highest common divisor of 15 and j.
5
Let k = -380 - -600. What is the highest common factor of k and 20?
20
Suppose 3*z = -2 + 8. Suppose -5*f = -3*i - 64, -z*i = -2*f + 3*i + 37. Let r(k) = -14*k - 7. Let n be r(-6). What is the greatest common divisor of f and n?
11
Let a be (3/9)/((-3)/(-18)). Calculate the highest common factor of 10 and a.
2
Suppose -4*h + 5*o = -64, -5*h + o = -2*o - 93. What is the greatest common factor of h and 231?
21
Suppose -17*q = -2*q - 390. Calculate the greatest common divisor of 208 and q.
26
Let n be (-376)/(-12) + (-2)/(-3). Suppose -64 = -4*z + 4*t, n = 2*z - 0*t + t. What is the greatest common factor of z and 112?
16
Let x = 111 + 134. Calculate the greatest common divisor of x and 35.
35
Let k(a) = -a - 6. Let w be k(-6). Suppose w = -y + 968 - 203. Suppose -6*q = -q - y. What is the highest common factor of q and 17?
17
Suppose 2*n + 12 = -4*y + 50, 0 = -4*n + 3*y + 120. Calculate the highest common factor of n and 18.
9
Suppose i + 3*s - 97 = 212, 8 = 2*s. Let q(x) = -x**2 - 13*x - 9. Let w be q(-9). What is the greatest common factor of i and w?
27
Let b = -103 - -132. What is the highest common divisor of b and 377?
29
Suppose 5 = 5*y + 6*o - o, 3*y - o - 7 = 0. Suppose -g - 3 = -5*s + 16, -5*s + y*g + 18 = 0. Calculate the greatest common factor of s and 2.
2
Suppose -9*a + 77 = -40. Calculate the greatest common factor of 13 and a.
13
Suppose 